{"id":5589,"date":"2025-07-07T08:00:24","date_gmt":"2025-07-07T07:00:24","guid":{"rendered":"http:\/\/localhost\/wordpress\/?page_id=5589"},"modified":"2025-07-18T15:06:53","modified_gmt":"2025-07-18T14:06:53","slug":"osebni-posloni-racun-2","status":"publish","type":"page","link":"https:\/\/paywiser.eu\/index.php\/osebni-posloni-racun-2\/","title":{"rendered":"Pla\u010dilni ra\u010dun"},"content":{"rendered":"<div class=\"wpb-content-wrapper\"><p>[vc_row][vc_column][\/vc_column][\/vc_row][vc_row el_class=&#8221;wide-ipad bold_design&#8221;][vc_column width=&#8221;1\/2&#8243;]<div class=\"ult-spacer spacer-69d0f1692fd8e\" data-id=\"69d0f1692fd8e\" data-height=\"40\" data-height-mobile=\"0\" data-height-tab=\"\" data-height-tab-portrait=\"\" data-height-mobile-landscape=\"0\" style=\"clear:both;display:block;\"><\/div><div class=\"ult-content-box-container \" >\t\t<div class=\"ult-content-box\" style=\"box-shadow: px px px px none;margin-right:120px;-webkit-transition: all 700ms ease;-moz-transition: all 700ms ease;-ms-transition: all 700ms ease;-o-transition: all 700ms ease;transition: all 700ms ease;\"  data-hover_box_shadow=\"none\"   data-responsive_margins=\"margin:0px;\"   data-normal_margins=\"margin-right:120px;\"  >[vc_row_inner el_class=&#8221;text-outline-cont&#8221;][vc_column_inner][vc_custom_heading text=&#8221;Paywiser&#8221; font_container=&#8221;tag:h2|text_align:left&#8221; use_theme_fonts=&#8221;yes&#8221; css=&#8221;&#8221; el_class=&#8221;text-outline-2&#8243;][vc_custom_heading text=&#8221;Paywiser&#8221; font_container=&#8221;tag:h2|text_align:left&#8221; use_theme_fonts=&#8221;yes&#8221; css=&#8221;&#8221; el_class=&#8221;text-outline-1&#8243;][vc_custom_heading text=&#8221;Morate \u010dim prej pla\u010dati ali prejeti pla\u010dilo?<br \/>\nPo\u0161ljite sredstva, v le nekaj minutah, 24 ur na dan, 7 dni v tednu!!&#8221; font_container=&#8221;tag:h2|text_align:left|color:%231598D5&#8243; use_theme_fonts=&#8221;yes&#8221; css=&#8221;&#8221; el_class=&#8221;text-outline-3&#8243;][\/vc_column_inner][\/vc_row_inner][vc_row_inner][vc_column_inner]<div id=\"ultv-9270\" class=\"ult-dual-color ult-adjust-bottom-margin ult-dual-color-responsive-none ultv-9270 section-title-inline \"><div class=\"ult-module-content ult-dual-color-heading\" style=\"text-align:left;\">\n\t\t\t\t\t\t<h3><span class=\"ult-before-heading\">\n\t\t\t\t\t\t\t\t\t<span class=\"ult-dual-heading-text ult-first-text ult-responsive\"  data-ultimate-target='.ult-dual-color.ultv-9270 .ult-dual-heading-text'  data-responsive-json-new='{\"font-size\":\"\",\"line-height\":\"\"}'  style=\"color:#ffffff; background-color:#010101;    border:none; font-family:&#039;Roboto&#039;;font-weight:500;\">24\/7<\/span>\n\t\t\t\t\t\t\t\t<\/span><span class=\"ult-adv-heading\" style=\"\">\n\t\t\t\t\t\t\t\t\t<span class=\"ult-dual-adv-heading-text ult-highlight-text ult-responsive\"  data-ultimate-target='.ult-dual-color.ultv-9270 .ult-highlight-text'  data-responsive-json-new='{\"font-size\":\"desktop:23px;mobile:21px;\",\"line-height\":\"desktop:41px;mobile:35px;\"}'  style=\"color:#231F20;     border:none; font-family:&#039;Roboto&#039;;font-weight:normal;font-style:normal;\">Odprite svoj ra\u010dun v samo nekaj korakih<\/span>\n\t\t\t\t\t\t\t\t<\/span><\/h3> <\/div><\/div>[\/vc_column_inner][\/vc_row_inner][vc_empty_space height=&#8221;40px&#8221;][vc_row_inner][vc_column_inner]<div class=\" vc_custom_1752832162947 ubtn-ctn-left only-text-button underline small_letter_space\"><a class=\"link-hover-anim ubtn-link ult-adjust-bottom-margin ubtn-left ubtn-normal only-text-button underline small_letter_space\" href=\"https:\/\/paywiser.eu\/index.php\/kontakt\/\" title=\"Contact\"  data-link-animate=\"y\"><button type=\"button\" id=\"ubtn-7975\"  class=\"ubtn ult-adjust-bottom-margin ult-responsive ubtn-normal ubtn-no-hover-bg  none  ubtn-left   tooltip-69d0f1692ffdf\"  data-hover=\"#000000\" data-border-color=\"\" data-bg=\"rgba(224,224,224,0.01)\" data-hover-bg=\"rgba(0,0,0,0.01)\" data-border-hover=\"\" data-shadow-hover=\"\" data-shadow-click=\"none\" data-shadow=\"\" data-shd-shadow=\"\"  data-ultimate-target='#ubtn-7975'  data-responsive-json-new='{\"font-size\":\"desktop:17px;\",\"line-height\":\"\"}'  style=\"font-family:&#039;DM Sans&#039;;font-weight:500;border:none;background: rgba(224,224,224,0.01);color: #1598D5;\"><span class=\"ubtn-data ubtn-icon\"><i class=\"none\" style=\"font-size:0px;color:#010101;\"><\/i><\/span><span class=\"ubtn-hover\" style=\"background-color:rgba(0,0,0,0.01)\"><\/span><span class=\"ubtn-data ubtn-text \" >Kontaktirajte nas za ve\u010d informacij<\/span><\/button><\/a><\/div>[\/vc_column_inner][\/vc_row_inner]\t\t<\/div><\/div>[\/vc_column][vc_column css_animation=&#8221;fadeInUp&#8221; width=&#8221;1\/2&#8243;]<div class=\"ult-spacer spacer-69d0f1693008e\" data-id=\"69d0f1693008e\" data-height=\"\" data-height-mobile=\"70\" data-height-tab=\"\" data-height-tab-portrait=\"100\" data-height-mobile-landscape=\"70\" style=\"clear:both;display:block;\"><\/div>[vc_tta_accordion color=&#8221;black&#8221; active_section=&#8221;1&#8243;][vc_tta_section title=&#8221;Osebni ra\u010dun&#8221; tab_id=&#8221;osebni-racun&#8221;][vc_column_text css=&#8221;&#8221;]<\/p>\n<p id=\"patxt01\">Z osebnim ra\u010dunom lahko preprosto upravljate svoje vsakodnevne dejavnosti.<\/p>\n<p>Napredne funkcije, kot je ra\u010dun z ve\u010d valutami,\u00a0<span style=\"color: #1598d5;\"><strong>vam omogo\u010dajo, da poslujete po vsem svetu.<\/strong><\/span><\/p>\n<p>Po\u0161iljajte, prejemajte in upravljate svoje denar na enem mestu prek spleta,\u00a0<strong><span style=\"color: #1598d5;\">kjerkoli in kadarkoli \u017eelite<\/span>!<\/strong><\/p>\n<p>Dodajte \u0161e kartico in opravljajte pla\u010dila na ve\u010d kot 30 milijonih prodajnih mestih.[\/vc_column_text][\/vc_tta_section][vc_tta_section title=&#8221;Poslovni ra\u010dun&#8221; tab_id=&#8221;Poslovni-racun&#8221;][vc_column_text css=&#8221;&#8221;]<\/p>\n<p id=\"batxt01\">Poslovni ra\u010dun vam ponuja varno in brezhibno re\u0161itev za ve\u010d-valutni ra\u010dun, s katerim lahko poslujete globalno ali lokalno.<\/p>\n<p>Odprite svoj Poslovni ra\u010dun in\u00a0<span style=\"color: #1598d5;\"><strong>dostopajte do sredstev po vsem svetu.<\/strong>.<\/span><\/p>\n<p><span style=\"color: #1598d5;\"><strong>Sprejemajte in izvajajte<\/strong><\/span>\u00a0lokalna in mednarodna pla\u010dila v evrih (\u20ac) in v ve\u010d kot 20 drugih glavnih valutah znotraj enega ra\u010duna.<\/p>\n<p>Uporabljajte devizne storitve (FX).[\/vc_column_text][\/vc_tta_section][\/vc_tta_accordion][\/vc_column][\/vc_row][vc_row][vc_column]<div class=\"ult-spacer spacer-69d0f169300a8\" data-id=\"69d0f169300a8\" data-height=\"100\" data-height-mobile=\"35\" data-height-tab=\"\" data-height-tab-portrait=\"80\" data-height-mobile-landscape=\"35\" style=\"clear:both;display:block;\"><\/div>[\/vc_column][\/vc_row]<\/p>\n<\/div>","protected":false},"excerpt":{"rendered":"<p>[vc_row][vc_column][\/vc_column][\/vc_row][vc_row el_class=&#8221;wide-ipad bold_design&#8221;][vc_column width=&#8221;1\/2&#8243;][\/vc_column][vc_column css_animation=&#8221;fadeInUp&#8221; width=&#8221;1\/2&#8243;][vc_tta_accordion color=&#8221;black&#8221; active_section=&#8221;1&#8243;][vc_tta_section title=&#8221;Osebni ra\u010dun&#8221; tab_id=&#8221;osebni-racun&#8221;][vc_column_text css=&#8221;&#8221;] Z osebnim ra\u010dunom lahko preprosto upravljate svoje vsakodnevne dejavnosti. Napredne funkcije, kot je ra\u010dun z ve\u010d valutami,\u00a0vam omogo\u010dajo, da poslujete po vsem svetu. Po\u0161iljajte, prejemajte in upravljate svoje denar na enem mestu prek spleta,\u00a0kjerkoli in kadarkoli \u017eelite! Dodajte \u0161e kartico in opravljajte pla\u010dila [&hellip;]<\/p>\n","protected":false},"author":1,"featured_media":0,"parent":0,"menu_order":0,"comment_status":"closed","ping_status":"closed","template":"page.php","meta":{"footnotes":""},"class_list":["post-5589","page","type-page","status-publish","hentry"],"_links":{"self":[{"href":"https:\/\/paywiser.eu\/index.php\/wp-json\/wp\/v2\/pages\/5589","targetHints":{"allow":["GET"]}}],"collection":[{"href":"https:\/\/paywiser.eu\/index.php\/wp-json\/wp\/v2\/pages"}],"about":[{"href":"https:\/\/paywiser.eu\/index.php\/wp-json\/wp\/v2\/types\/page"}],"author":[{"embeddable":true,"href":"https:\/\/paywiser.eu\/index.php\/wp-json\/wp\/v2\/users\/1"}],"replies":[{"embeddable":true,"href":"https:\/\/paywiser.eu\/index.php\/wp-json\/wp\/v2\/comments?post=5589"}],"version-history":[{"count":2,"href":"https:\/\/paywiser.eu\/index.php\/wp-json\/wp\/v2\/pages\/5589\/revisions"}],"predecessor-version":[{"id":6038,"href":"https:\/\/paywiser.eu\/index.php\/wp-json\/wp\/v2\/pages\/5589\/revisions\/6038"}],"wp:attachment":[{"href":"https:\/\/paywiser.eu\/index.php\/wp-json\/wp\/v2\/media?parent=5589"}],"curies":[{"name":"wp","href":"https:\/\/api.w.org\/{rel}","templated":true}]}}